
Convert -122 (base 4) to base 15.
-1b
-6 (base 12) to base 4
-12
-10001 (base 2) to base 15
-12
Convert -4 (base 11) to base 7.
-4
What is 0 (base 9) in base 4?
0
-75 (base 16) to base 10
-117
What is -1 (base 9) in base 13?
-1
Convert -1130 (base 6) to base 10.
-270
-1100 (base 2) to base 5
-22
4 (base 14) to base 16
4
What is -45 (base 16) in base 4?
-1011
What is 2 (base 13) in base 12?
2
What is -4 (base 12) in base 15?
-4
50 (base 11) to base 10
55
What is 1 (base 2) in base 13?
1
Convert 4 (base 7) to base 16.
4
-7 (base 8) to base 12
-7
Convert 2 (base 7) to base 10.
2
Convert 2 (base 4) to base 14.
2
What is -10010 (base 2) in base 14?
-14
-15 (base 13) to base 16
-12
c9 (base 16) to base 8
311
148 (base 15) to base 12
205
Convert -34 (base 11) to base 3.
-1101
Convert 3 (base 13) to base 8.
3
-2 (base 12) to base 9
-2
What is -4 (base 9) in base 4?
-10
What is -68 (base 15) in base 8?
-142
What is -2 (base 10) in base 13?
-2
What is 2 (base 4) in base 2?
10
What is -10 (base 9) in base 4?
-21
-220 (base 8) to base 3
-12100
What is -1 (base 3) in base 5?
-1
Convert 15 (base 11) to base 8.
20
9 (base 12) to base 3
100
Convert 2330 (base 5) to base 11.
28a
What is 40 (base 7) in base 5?
103
What is 1 (base 10) in base 16?
1
Convert 1101101 (base 2) to base 11.
9a
What is -5 (base 11) in base 3?
-12
0 (base 14) to base 4
0
What is -3 (base 10) in base 6?
-3
Convert -6 (base 15) to base 12.
-6
Convert 3 (base 5) to base 2.
11
30 (base 10) to base 9
33
4 (base 10) to base 5
4
Convert -2121 (base 3) to base 7.
-130
-2 (base 3) to base 6
-2
Convert 0 (base 8) to base 3.
0
47 (base 16) to base 6
155
-2 (base 4) to base 6
-2
Convert -13 (base 10) to base 9.
-14
Convert -2 (base 14) to base 13.
-2
What is -4 (base 12) in base 11?
-4
What is 4e (base 15) in base 13?
59
Convert 166 (base 12) to base 9.
266
What is 10 (base 4) in base 14?
4
What is -140 (base 8) in base 16?
-60
-130 (base 7) to base 9
-77
What is 4 (base 10) in base 2?
100
What is 421 (base 7) in base 9?
254
Convert 47 (base 11) to base 16.
33
-13 (base 13) to base 11
-15
1 (base 5) to base 2
1
What is -42 (base 8) in base 10?
-34
Convert 11 (base 7) to base 5.
13
What is 44 (base 5) in base 2?
11000
What is 1 (base 15) in base 6?
1
Convert 12 (base 4) to base 11.
6
-4 (base 14) to base 2
-100
What is 1 (base 2) in base 4?
1
Convert 100111 (base 2) to base 15.
29
What is -1 (base 2) in base 12?
-1
Convert -185 (base 15) to base 10.
-350
Convert 3 (base 12) to base 10.
3
Convert -2 (base 15) to base 13.
-2
What is 2 (base 4) in base 16?
2
-192 (base 11) to base 7
-435
What is -151 (base 14) in base 3?
-100220
-1021 (base 3) to base 10
-34
Convert 2201 (base 3) to base 15.
4d
Convert 1222 (base 3) to base 10.
53
Convert -6 (base 15) to base 11.
-6
-11001110 (base 2) to base 7
-413
What is -11 (base 5) in base 9?
-6
What is -2020 (base 4) in base 9?
-161
What is -1 (base 16) in base 11?
-1
What is -12 (base 9) in base 6?
-15
Convert 202 (base 3) to base 10.
20
What is 2 (base 10) in base 2?
10
What is -102 (base 8) in base 2?
-1000010
Convert -4 (base 14) to base 10.
-4
114 (base 11) to base 4
2020
Convert 4 (base 13) to base 14.
4
What is 11 (base 5) in base 12?
6
What is 17 (base 12) in base 8?
23
Convert -12 (base 8) to base 6.
-14
Convert 8c (base 16) to base 14.
a0
Convert 14 (base 7) to base 16.
b
Convert -28 (base 11) to base 2.
-11110
What is 364 (base 10) in base 6?
1404
What is 1 (base 7) in base 9?
1
-20 (base 3) to base 6
-10
12 (base 4) to base 6
10
What is -110 (base 2) in base 13?
-6
Convert 437 (base 8) to base 7.
560
What is 14 (base 10) in base 4?
32
Convert -11 (base 2) to base 10.
-3
Convert 21 (base 7) to base 16.
f
-2 (base 6) to base 8
-2
What is -1101 (base 2) in base 8?
-15
What is 7 (base 13) in base 8?
7
What is 38 (base 13) in base 14?
35
-2c (base 14) to base 11
-37
Convert -5 (base 13) to base 4.
-11
What is -21 (base 10) in base 16?
-15
What is 100 (base 4) in base 9?
17
Convert -4 (base 5) to base 15.
-4
Convert 0 (base 15) to base 14.
0
Convert -4b (base 15) to base 8.
-107
Convert 12 (base 3) to base 2.
101
-12 (base 4) to base 16
-6
What is 121 (base 4) in base 8?
31
22 (base 5) to base 12
10
What is 38 (base 11) in base 5?
131
Convert 2 (base 8) to base 4.
2
-11 (base 2) to base 16
-3
What is 201 (base 3) in base 4?
103
-c4 (base 14) to base 3
-20101
247 (base 10) to base 7
502
Convert -34 (base 12) to base 13.
-31
What is -3 (base 15) in base 11?
-3
What is 10 (base 12) in base 16?
c
28 (base 13) to base 14
26
-4 (base 12) to base 10
-4
Convert -1 (base 10) to base 9.
-1
Convert 11 (base 10) to base 7.
14
-111 (base 3) to base 2
-1101
-4 (base 11) to base 16
-4
-12 (base 9) to base 10
-11
Convert 3 (base 8) to base 16.
3
Convert 4 (base 6) to base 9.
4
-10 (base 5) to base 11
-5
What is -2 (base 7) in base 15?
-2
Convert -2 (base 3) to base 15.
-2
What is -27 (base 8) in base 6?
-35
-c (base 15) to base 4
-30
What is 3b (base 15) in base 10?
56
What is 39 (base 14) in base 10?
51
What is -23 (base 5) in base 6?
-21
Convert -5 (base 6) to base 11.
-5
What is 0 (base 15) in base 9?
0
What is 1021 (base 5) in base 6?
344
What is -110 (base 4) in base 9?
-22
What is 22 (base 5) in base 15?
c
11 (base 6) to base 16
7
Convert 24 (base 6) to base 9.
17
210 (base 6) to base 11
71
Convert 19 (base 10) to base 9.
21
What is 40 (base 10) in base 16?
28
Convert 35 (base 6) to base 13.
1a
1 (base 14) to base 5
1
Convert 1 (base 3) to base 7.
1
Convert -5 (base 12) to base 5.
-10
-e6 (base 15) to base 14
-116
-93 (base 14) to base 16
-81
What is -25 (base 8) in base 10?
-21
2 (base 11) to base 16
2
9 (base 10) to base 11
9
Convert a9 (base 11) to base 13.
92
What is -110 (base 2) in base 11?
-6
What is 3 (base 16) in base 2?
11
What is -204 (base 5) in base 14?
-3c
Convert -11 (base 2) to base 8.
-3
34 (base 8) to base 13
22
What is 10 (base 9) in base 2?
1001
What is -1 (base 9) in base 7?
-1
-2 (base 9) to base 11
-2
Convert -3 (base 9) to base 12.
-3
Convert -6 (base 13) to base 14.
-6
1021 (base 3) to base 14
26
What is 54 (base 11) in base 5?
214
Convert -65 (base 10) to base 15.
-45
What is -8 (base 12) in base 10?
-8
What is -23 (base 11) in base 10?
-25
Convert 34 (base 11) to base 12.
31
-143 (base 7) to base 15
-55
Convert 2002 (base 3) to base 16.
38
33 (base 6) to base 10
21
Convert -27 (base 10) to base 12.
-23
-10 (base 13) to base 10
-13
Convert 1 (base 9) to base 16.
1
7 (base 12) to base 5
12
What is -15 (base 15) in base 5?
-40
-30 (base 4) to base 13
-c
Convert -11 (base 2) to base 14.
-3
What is 330 (base 9) in base 2?
100001110
Convert -11 (base 6) to base 5.
-12
-3 (base 7) to base 13
-3
What is 101000 (base 2) in base 4?
220
What is 45 (base 13) in base 3?
2010
-21 (base 7) to base 5
-30
What is -8 (base 10) in base 15?
-8
What is -38 (base 13) in base 5?
-142
What is -20 (base 7) in base 15?
-e
Convert 21 (base 4) to base 14.
9
Convert -131 (base 5) to base 12.
-35
Convert 13 (base 8) to base 14.
b
What is 0 (base 10) in base 6?
0
What is -5 (base 16) in base 15?
-5
2020 (base 3) to base 10
60
Convert 2 (base 7) to base 8.
2
Convert -b (base 12) to base 10.
-11
-33 (base 8) to base 16
-1b
What is -36 (base 7) in base 10?
-27
Convert -6 (base 13) to base 2.
-110
What is 4 (base 11) in base 15?
4
30 (base 4) to base 15
c
What is -21 (base 3) in base 2?
-111
What is -121 (base 4) in base 6?
-41
What is -13 (base 4) in base 7?
-10
Convert 12 (base 7) to base 10.
9
33 (base 6) to base 7
30
Convert -14 (base 5) to base 9.
-10
What is -5 (base 16) in base 13?
-5
Convert -38 (base 11) to base 10.
-41
-2112 (base 3) to base 11
-62
49 (base 14) to base 7
122
11 (base 16) to base 10
17
Convert 144 (base 11) to base 15.
b4
What is 1 (base 9) in base 4?
1
1 (base 14) to base 8
1
1123 (base 4) to base 15
61
What is -74 (base 16) in base 14?
-84
What is -11 (base 3) in base 13?
-4
0 (base 8) to base 3
0
Convert -101 (base 3) to base 7.
-13
Convert -2 (base 12) to base 7.
-2
Convert -100 (base 3) to base 6.
-13
0 (base 7) to base 2
0
Convert -155 (base 9) to base 5.
-1011
-3 (base 11) to base 14
-3
Convert 204 (base 5) to base 11.
4a
Convert -1 (base 13) to base 6.
-1
Convert -37 (base 11) to base 10.
-40
Convert 1 (base 9) to base 16.
1
What is 67